{"id":42,"date":"2024-05-06T17:16:10","date_gmt":"2024-05-06T17:16:10","guid":{"rendered":"http:\/\/38.105.9.174\/?page_id=42"},"modified":"2024-05-06T17:32:49","modified_gmt":"2024-05-06T17:32:49","slug":"mi","status":"publish","type":"page","link":"https:\/\/mtmpapeis.com.br\/index.php\/mi\/","title":{"rendered":"MI"},"content":{"rendered":"<p>[et_pb_section fb_built=&#8221;1&#8243; _builder_version=&#8221;4.25.0&#8243; _module_preset=&#8221;default&#8221; background_image=&#8221;http:\/\/38.105.9.174\/wp-content\/uploads\/2024\/05\/bg-header-paginas-1679&#215;179-1.jpg&#8221; global_colors_info=&#8221;{}&#8221;][et_pb_row _builder_version=&#8221;4.25.0&#8243; _module_preset=&#8221;default&#8221; global_colors_info=&#8221;{}&#8221;][et_pb_column type=&#8221;4_4&#8243; _builder_version=&#8221;4.25.0&#8243; _module_preset=&#8221;default&#8221; global_colors_info=&#8221;{}&#8221;][et_pb_text _builder_version=&#8221;4.25.0&#8243; _module_preset=&#8221;default&#8221; global_colors_info=&#8221;{}&#8221;]<\/p>\n<h2 class=\"elementor-heading-title elementor-size-default\">Bobinas Industriais<\/h2>\n<p>[\/et_pb_text][\/et_pb_column][\/et_pb_row][\/et_pb_section][et_pb_section fb_built=&#8221;1&#8243; _builder_version=&#8221;4.25.0&#8243; _module_preset=&#8221;default&#8221; global_colors_info=&#8221;{}&#8221;][et_pb_row column_structure=&#8221;1_2,1_2&#8243; _builder_version=&#8221;4.25.0&#8243; _module_preset=&#8221;default&#8221; width=&#8221;100%&#8221; max_width=&#8221;1500px&#8221; custom_padding=&#8221;|||0px||&#8221; global_colors_info=&#8221;{}&#8221;][et_pb_column type=&#8221;1_2&#8243; _builder_version=&#8221;4.25.0&#8243; _module_preset=&#8221;default&#8221; global_colors_info=&#8221;{}&#8221;][et_pb_image src=&#8221;http:\/\/38.105.9.174\/wp-content\/uploads\/2024\/05\/o-que-e-celulose-scaled-1-2500&#215;1667-1.jpg&#8221; title_text=&#8221;o-que-e-celulose-scaled-1-2500&#215;1667&#8243; _builder_version=&#8221;4.25.0&#8243; _module_preset=&#8221;default&#8221; hover_enabled=&#8221;0&#8243; global_colors_info=&#8221;{}&#8221; sticky_enabled=&#8221;0&#8243;][\/et_pb_image][et_pb_text _builder_version=&#8221;4.25.0&#8243; _module_preset=&#8221;default&#8221; hover_enabled=&#8221;0&#8243; sticky_enabled=&#8221;0&#8243;]<\/p>\n<h3 class=\"elementor-heading-title elementor-size-default\">Entre em contato conosco<\/h3>\n<p>[\/et_pb_text][wpforms_selector _builder_version=&#8221;4.25.0&#8243; _module_preset=&#8221;default&#8221; form_id=&#8221;48&#8243; hover_enabled=&#8221;0&#8243; sticky_enabled=&#8221;0&#8243; show_title=&#8221;off&#8221;][\/wpforms_selector][\/et_pb_column][et_pb_column type=&#8221;1_2&#8243; _builder_version=&#8221;4.25.0&#8243; _module_preset=&#8221;default&#8221; global_colors_info=&#8221;{}&#8221;][et_pb_text _builder_version=&#8221;4.25.0&#8243; _module_preset=&#8221;default&#8221; width=&#8221;100%&#8221; max_width=&#8221;100%&#8221; custom_padding=&#8221;|0px||||&#8221; global_colors_info=&#8221;{}&#8221;]<\/p>\n<p>Considerado o melhor do mercado, o papel kraft \u00e9 reconhecido por sua resist\u00eancia f\u00edsica, rigidez e qualidade. Fabricado a partir de fibras virgens obtidas pelo processo Kraft e polpa de alto rendimento. A base \u00e9 composta de celulose fibra longa n\u00e3o branqueada, na camada do meio h\u00e1 uma mistura de fibras curtas, longas e CTMP e a cobertura \u00e9 composta de fibra curta branqueada por processo ECF (Elementary Chlorine Free). Al\u00e9m da Tripla camada de Coating.<\/p>\n<div>\u00a0<\/div>\n<h3>Estrutura dos Cart\u00f5es<\/h3>\n<p>Linha Duplex\u00a0\u2013 Cart\u00e3o fabricado a partir de fibras virgens obtidas por processo kraft e polpa de alto rendimento. A base \u00e9 composta de celulose fibra longa n\u00e3o branqueada e na camada do meio h\u00e1 uma mistura de fibras curtas, longas e CTMP e a cobertura \u00e9 composta de fibra curta branqueada por processo ECF \u201cElementary Chlorine Free\u201d. Al\u00e9m da Tripla camada de Coating.<\/p>\n<p>Produto diferenciado no mercado e reconhecida pela sua excelente rigidez e caracter\u00edsticas de impress\u00e3o para os processos de off-set, flexografia e rotogravura.<\/p>\n<ul>\n<li>Papelcart\u00e3o Klafold \u2013\u00a0Produto desenvolvido para atender a demanda dos clientes mais exigentes. As caracter\u00edsticas desse cart\u00e3o permitem a sua utiliza\u00e7\u00e3o em todos os tipos de embalagens semirr\u00edgidas em que \u00e9 exigida boa qualidade de impress\u00e3o aliada \u00e0 seguran\u00e7a e resist\u00eancia. Essa tecnologia do cart\u00e3o maximiza a rigidez e mant\u00e9m a apar\u00eancia e as propriedades, com a vantagem de utilizar menor quantidade de fibras.<\/li>\n<\/ul>\n<ul>\n<li>Papelcart\u00e3o CBR \u2013\u00a0As caracter\u00edsticas desse cart\u00e3o permitem a sua utiliza\u00e7\u00e3o em todos os tipos de embalagens semirr\u00edgida em que \u00e9 exigida boa qualidade de impress\u00e3o, aliada \u00e0 seguran\u00e7a e resist\u00eancia. Essa tecnologia do cart\u00e3o maximiza a rigidez e mant\u00e9m a apar\u00eancia e as propriedades desejadas, com a vantagem de utilizar menor quantidade de fibras. Uma op\u00e7\u00e3o adequada para atender ao mercado gr\u00e1fico com maior range de gramaturas.<\/li>\n<\/ul>\n<p><strong>Aplica\u00e7\u00f5es:<\/strong><\/p>\n<p>Ideal para trabalhos gr\u00e1ficos, tipografia, embalagens, entre outros.<\/p>\n<p><strong>Gramaturas:<\/strong>\u00a0190G ao 410G<\/p>\n<p><strong>Formatos:<\/strong>\u00a0066\u00d7096 | 077\u00d7113<\/p>\n<p><strong>Acondicionamento:<\/strong>\u00a0Resmas com 075F, 100F, 150F e 200F ou Skid.<\/p>\n<p><strong>Disponibilidades:<\/strong>\u00a0Ecopack, Printkot, Boncard e Importado.<\/p>\n<p>[\/et_pb_text][\/et_pb_column][\/et_pb_row][\/et_pb_section]<\/p>\n","protected":false},"excerpt":{"rendered":"<p>Bobinas IndustriaisEntre em contato conosco<div class=\"et_pb_module wpforms_selector wpforms_selector_0\">\n\t\t\t\t\n\t\t\t\t\n\t\t\t\t\n\t\t\t\t\n\t\t\t\t\n\t\t\t\t\n\t\t\t\t<div class=\"et_pb_module_inner\">\n\t\t\t\t\t<div class=\"wpforms-container wpforms-container-full wpforms-render-modern\" id=\"wpforms-48\"><form id=\"wpforms-form-48\" class=\"wpforms-validate wpforms-form wpforms-ajax-form\" data-formid=\"48\" method=\"post\" enctype=\"multipart\/form-data\" action=\"\/index.php\/wp-json\/wp\/v2\/pages\/42\" data-token=\"d1c97f489b73fad9b0a4a101b01443f9\" data-token-time=\"1778745287\"><noscript class=\"wpforms-error-noscript\">Please enable JavaScript in your browser to complete this form.<\/noscript><div class=\"wpforms-hidden\" id=\"wpforms-error-noscript\">Please enable JavaScript in your browser to complete this form.<\/div><div class=\"wpforms-field-container\"><div id=\"wpforms-48-field_0-container\" class=\"wpforms-field wpforms-field-name\" data-field-id=\"0\"><fieldset><legend class=\"wpforms-field-label\">Nome <span class=\"wpforms-required-label\" aria-hidden=\"true\">*<\/span><\/legend><div class=\"wpforms-field-row wpforms-field-medium\"><div class=\"wpforms-field-row-block wpforms-first wpforms-one-half\"><input type=\"text\" id=\"wpforms-48-field_0\" class=\"wpforms-field-name-first wpforms-field-required\" name=\"wpforms[fields][0][first]\" placeholder=\"Nome\" aria-errormessage=\"wpforms-48-field_0-error\" required><label for=\"wpforms-48-field_0\" class=\"wpforms-field-sublabel after\">First<\/label><\/div><div class=\"wpforms-field-row-block wpforms-one-half\"><input type=\"text\" id=\"wpforms-48-field_0-last\" class=\"wpforms-field-name-last wpforms-field-required\" name=\"wpforms[fields][0][last]\" placeholder=\"Sobrenome\" aria-errormessage=\"wpforms-48-field_0-last-error\" required><label for=\"wpforms-48-field_0-last\" class=\"wpforms-field-sublabel after\">Last<\/label><\/div><\/div><\/fieldset><\/div><div id=\"wpforms-48-field_3-container\" class=\"wpforms-field wpforms-field-text\" data-field-id=\"3\"><label class=\"wpforms-field-label\" for=\"wpforms-48-field_3\">CNPJ <span class=\"wpforms-required-label\" aria-hidden=\"true\">*<\/span><\/label><input type=\"text\" id=\"wpforms-48-field_3\" class=\"wpforms-field-medium wpforms-field-required\" name=\"wpforms[fields][3]\" aria-errormessage=\"wpforms-48-field_3-error\" required><\/div><div id=\"wpforms-48-field_4-container\" class=\"wpforms-field wpforms-field-text\" data-field-id=\"4\"><label class=\"wpforms-field-label\" for=\"wpforms-48-field_4\">Inscri\u00e7\u00e3o Estadual <span class=\"wpforms-required-label\" aria-hidden=\"true\">*<\/span><\/label><input type=\"text\" id=\"wpforms-48-field_4\" class=\"wpforms-field-medium wpforms-field-required\" name=\"wpforms[fields][4]\" aria-errormessage=\"wpforms-48-field_4-error\" required><\/div><div id=\"wpforms-48-field_1-container\" class=\"wpforms-field wpforms-field-email\" data-field-id=\"1\"><label class=\"wpforms-field-label\" for=\"wpforms-48-field_1\">Email <span class=\"wpforms-required-label\" aria-hidden=\"true\">*<\/span><\/label><input type=\"email\" id=\"wpforms-48-field_1\" class=\"wpforms-field-medium wpforms-field-required\" name=\"wpforms[fields][1]\" spellcheck=\"false\" aria-errormessage=\"wpforms-48-field_1-error\" required><\/div><div id=\"wpforms-48-field_5-container\" class=\"wpforms-field wpforms-field-text\" data-field-id=\"5\"><label class=\"wpforms-field-label\" for=\"wpforms-48-field_5\">Telefone <span class=\"wpforms-required-label\" aria-hidden=\"true\">*<\/span><\/label><input type=\"text\" id=\"wpforms-48-field_5\" class=\"wpforms-field-medium wpforms-field-required\" name=\"wpforms[fields][5]\" aria-errormessage=\"wpforms-48-field_5-error\" required><\/div><div id=\"wpforms-48-field_6-container\" class=\"wpforms-field wpforms-field-select wpforms-field-select-style-classic\" data-field-id=\"6\"><label class=\"wpforms-field-label\" for=\"wpforms-48-field_6\">Produto <span class=\"wpforms-required-label\" aria-hidden=\"true\">*<\/span><\/label><select id=\"wpforms-48-field_6\" class=\"wpforms-field-medium wpforms-field-required\" name=\"wpforms[fields][6]\" required=\"required\"><option value=\"Bobina Papel Kraft\" >Bobina Papel Kraft<\/option><option value=\"Papel monolusso\" >Papel monolusso<\/option><option value=\"Papel alisado\" >Papel alisado<\/option><option value=\"Resma\" >Resma<\/option><option value=\"Caixa de papel\u00e3o\" >Caixa de papel\u00e3o<\/option><option value=\"Chapa de papel\u00e3o\" >Chapa de papel\u00e3o<\/option><option value=\"Filme\u00a0stretch\" >Filme\u00a0stretch<\/option><\/select><\/div><div id=\"wpforms-48-field_2-container\" class=\"wpforms-field wpforms-field-textarea\" data-field-id=\"2\"><label class=\"wpforms-field-label\" for=\"wpforms-48-field_2\">Mensagem <span class=\"wpforms-required-label\" aria-hidden=\"true\">*<\/span><\/label><textarea id=\"wpforms-48-field_2\" class=\"wpforms-field-medium wpforms-field-required\" name=\"wpforms[fields][2]\" aria-errormessage=\"wpforms-48-field_2-error\" required><\/textarea><\/div><\/div><!-- .wpforms-field-container --><div class=\"wpforms-submit-container\" ><input type=\"hidden\" name=\"wpforms[id]\" value=\"48\"><input type=\"hidden\" name=\"page_title\" value=\"\"><input type=\"hidden\" name=\"page_url\" value=\"https:\/\/mtmpapeis.com.br\/index.php\/wp-json\/wp\/v2\/pages\/42\"><button type=\"submit\" name=\"wpforms[submit]\" id=\"wpforms-submit-48\" class=\"wpforms-submit\" data-alt-text=\"Sending...\" data-submit-text=\"Submit\" aria-live=\"assertive\" value=\"wpforms-submit\">Submit<\/button><img loading=\"lazy\" decoding=\"async\" src=\"https:\/\/mtmpapeis.com.br\/wp-content\/plugins\/wpforms-lite\/assets\/images\/submit-spin.svg\" class=\"wpforms-submit-spinner\" style=\"display: none;\" width=\"26\" height=\"26\" alt=\"Loading\"><\/div><\/form><\/div>  <!-- .wpforms-container -->\n\t\t\t\t<\/div>\n\t\t\t<\/div>Considerado o melhor do mercado, o papel kraft \u00e9 reconhecido por sua resist\u00eancia f\u00edsica, rigidez e qualidade. Fabricado a partir de fibras virgens obtidas pelo processo Kraft e polpa de alto rendimento. A base \u00e9 composta de celulose fibra longa n\u00e3o branqueada, na camada do [&hellip;]<\/p>\n","protected":false},"author":1,"featured_media":0,"parent":0,"menu_order":0,"comment_status":"closed","ping_status":"closed","template":"","meta":{"_et_pb_use_builder":"on","_et_pb_old_content":"","_et_gb_content_width":"","footnotes":""},"_links":{"self":[{"href":"https:\/\/mtmpapeis.com.br\/index.php\/wp-json\/wp\/v2\/pages\/42"}],"collection":[{"href":"https:\/\/mtmpapeis.com.br\/index.php\/wp-json\/wp\/v2\/pages"}],"about":[{"href":"https:\/\/mtmpapeis.com.br\/index.php\/wp-json\/wp\/v2\/types\/page"}],"author":[{"embeddable":true,"href":"https:\/\/mtmpapeis.com.br\/index.php\/wp-json\/wp\/v2\/users\/1"}],"replies":[{"embeddable":true,"href":"https:\/\/mtmpapeis.com.br\/index.php\/wp-json\/wp\/v2\/comments?post=42"}],"version-history":[{"count":3,"href":"https:\/\/mtmpapeis.com.br\/index.php\/wp-json\/wp\/v2\/pages\/42\/revisions"}],"predecessor-version":[{"id":52,"href":"https:\/\/mtmpapeis.com.br\/index.php\/wp-json\/wp\/v2\/pages\/42\/revisions\/52"}],"wp:attachment":[{"href":"https:\/\/mtmpapeis.com.br\/index.php\/wp-json\/wp\/v2\/media?parent=42"}],"curies":[{"name":"wp","href":"https:\/\/api.w.org\/{rel}","templated":true}]}}